 and 369?
9
What is the greatest common factor of 9868679 and 277?
277
Calculate the highest common factor of 11256809 and 89.
89
Calculate the highest common divisor of 416 and 733928.
104
Calculate the greatest common factor of 110 and 304865.
55
Calculate the greatest common divisor of 3904 and 15921.
61
Calculate the greatest common divisor of 25407 and 216.
27
What is the greatest common factor of 74752 and 292?
292
Calculate the greatest common divisor of 524084 and 645.
43
What is the highest common divisor of 3215885 and 535?
535
What is the greatest common factor of 1120 and 8120?
280
Calculate the highest common divisor of 33345 and 468.
117
Calculate the highest common divisor of 35932 and 52.
52
What is the greatest common factor of 1742 and 670?
134
What is the greatest common divisor of 3783 and 3630419?
1261
What is the highest common factor of 75 and 241725?
75
What is the greatest common divisor of 22878 and 112437?
279
What is the highest common factor of 1144 and 104?
104
What is the greatest common factor of 1064 and 264632?
152
Calculate the highest common factor of 460 and 25786220.
460
What is the highest common divisor of 698 and 489298?
698
What is the greatest common divisor of 177 and 124077?
177
What is the greatest common factor of 18910 and 244?
122
Calculate the highest common divisor of 39208 and 1160.
232
Calculate the highest common factor of 11172 and 15876.
588
Calculate the highest common divisor of 15968 and 120259.
499
Calculate the greatest common factor of 6390 and 152640.
90
Calculate the greatest common divisor of 21 and 68243.
7
What is the highest common factor of 26986 and 12314?
262
Calculate the highest common factor of 468 and 181532.
52
Calculate the greatest common factor of 153994 and 185.
37
Calculate the highest common divisor of 3430 and 141610.
490
Calculate the highest common factor of 15521 and 110.
11
What is the highest common divisor of 29791 and 651?
31
What is the greatest common factor of 245552 and 8240?
1648
What is the highest common factor of 114716 and 21?
7
What is the greatest common divisor of 6944 and 2108?
124
What is the highest common divisor of 24108 and 14?
14
What is the greatest common divisor of 9622 and 2431?
17
Calculate the highest common divisor of 48 and 59856.
48
What is the greatest common factor of 78 and 34437?
39
Calculate the greatest common factor of 257157 and 18.
9
What is the highest common divisor of 420 and 6060?
60
Calculate the highest common factor of 106206 and 186.
186
What is the greatest common divisor of 14641 and 33?
11
Calculate the highest common factor of 27178 and 2782.
214
What is the highest common factor of 184 and 191176?
184
What is the highest common factor of 447199 and 1011?
337
What is the greatest common divisor of 130 and 2965?
5
What is the highest common factor of 81243 and 20961?
153
Calculate the greatest common factor of 928 and 31900.
116
Calculate the greatest common divisor of 850 and 24378.
34
Calculate the greatest common divisor of 226097 and 2908.
727
What is the highest common factor of 813554 and 70?
14
Calculate the highest common factor of 27 and 41337.
27
Calculate the highest common factor of 14 and 1282666.
14
What is the greatest common factor of 6 and 25710?
6
What is the highest common factor of 17 and 538050?
17
What is the greatest common factor of 8937 and 69841?
331
Calculate the greatest common factor of 288 and 68512.
32
Calculate the highest common factor of 516 and 3604389.
129
What is the greatest common divisor of 43475 and 3515?
185
Calculate the highest common factor of 7546 and 3969.
49
What is the greatest common factor of 486 and 906?
6
What is the highest common factor of 84 and 229980?
12
What is the highest common divisor of 1216 and 15884?
76
Calculate the highest common divisor of 616 and 1918.
14
What is the greatest common factor of 2310 and 1353?
33
Calculate the greatest common factor of 180 and 196380.
180
What is the greatest common divisor of 38 and 5828934?
38
What is the highest common factor of 33 and 454575?
33
Calculate the highest common factor of 2745 and 673745.
305
Calculate the highest common factor of 75 and 93225.
75
What is the highest common factor of 1468204 and 2?
2
What is the highest common divisor of 57640 and 385?
55
What is the greatest common divisor of 7458 and 187?
11
Calculate the greatest common divisor of 8345 and 15.
5
Calculate the highest common divisor of 5280 and 56100.
660
Calculate the greatest common factor of 105672 and 1496.
136
What is the highest common factor of 91904 and 256?
256
What is the greatest common divisor of 382 and 132554?
382
What is the highest common divisor of 10 and 114085?
5
What is the greatest common factor of 984 and 534804?
492
What is the greatest common divisor of 72 and 32388?
12
What is the highest common divisor of 1006760 and 160?
40
What is the highest common factor of 40446 and 216?
54
Calculate the highest common divisor of 233999 and 211.
211
Calculate the highest common factor of 608 and 392.
8
What is the highest common divisor of 4539 and 663?
51
What is the greatest common factor of 5019 and 357?
21
Calculate the highest common divisor of 10877 and 107383.
73
Calculate the greatest common factor of 392285 and 2345.
335
Calculate the highest common factor of 100955 and 185.
5
What is the greatest common divisor of 309832 and 8?
8
What is the highest common factor of 100404 and 24?
12
Calculate the greatest common divisor of 429597 and 189.
189
Calculate the highest common divisor of 780206 and 805.
161
Calculate the greatest common divisor of 477603 and 294.
147
Calculate the greatest common factor of 5 and 1681.
1
What is the highest common factor of 29445 and 45?
15
Calculate the highest common divisor of 22230 and 684.
342
What is the greatest common divisor of 306 and 69921?
153
What is the highest common divisor of 885 and 28143?
177
What is the highest common factor of 275 and 62447?
11
Calculate the highest common divisor of 5287 and 289.
17
Calculate the highest common divisor of 264 and 312356.
44
Calculate the greatest common divisor of 10761 and 35448.
633
Calculate the highest common factor of 668 and 2.
2
What is the greatest common divisor of 1673 and 49712?
239
What is the highest common factor of 256 and 84256?
32
Calculate the greatest common divisor of 2180 and 1057845.
545
What is the highest common factor of 12384 and 976?
16
Calculate the greatest common factor of 10367 and 91.
7
Calculate the highest common divisor of 1944 and 591.
3
What is the highest common factor of 43672 and 1442?
206
Calculate the highest common divisor of 482 and 197861.
241
Calculate the greatest common factor of 1014 and 2154.
6
What is the greatest common divisor of 3 and 40323?
3
Calculate the highest common divisor of 16345 and 455.
35
Calculate the greatest common divisor of 48 and 13884.
12
Calculate the greatest common divisor of 1995 and 270795.
105
Calculate the highest common divisor of 114240 and 112320.
960
What is the greatest common factor of 13350 and 900?
150
What is the highest common factor of 63 and 553980?
21
Calculate the highest common divisor of 10 and 330815.
5
What is the greatest common factor of 200 and 10550?
50
Calculate the greatest common factor of 216 and 38448.
216
What is the greatest common divisor of 38686 and 1035?
23
Calculate the greatest common factor of 4669 and 6923.
161
What is the greatest common divisor of 172067 and 2615?
523
Calculate the greatest common divisor of 297 and 14047.
11
What is the greatest common factor of 915 and 156435?
15
What is the greatest common divisor of 865488 and 3800?
152
What is the greatest common factor of 3075 and 117225?
75
What is the highest common factor of 8 and 9626?
2
What is the greatest common factor of 1537 and 63046?
29
Calculate the greatest common factor of 576419 and 697.
697
Calculate the greatest common factor of 59555 and 645.
215
What is the highest common factor of 6 and 1515?
3
Calculate the greatest common factor of 78 and 14286.
6
What is the greatest common divisor of 420 and 32424?
84
Calculate the highest common divisor of 717 and 552329.
239
Calculate the highest common divisor of 38073 and 4921.
259